
List the prime factors of 3627.
3, 13, 31
List the prime factors of 882.
2, 3, 7
List the prime factors of 428.
2, 107
List the prime factors of 57773.
57773
What are the prime factors of 1682?
2, 29
What are the prime factors of 6186?
2, 3, 1031
List the prime factors of 1189.
29, 41
What are the prime factors of 60179?
7, 8597
What are the prime factors of 90617?
90617
What are the prime factors of 2847?
3, 13, 73
What are the prime factors of 1032?
2, 3, 43
List the prime factors of 2727.
3, 101
List the prime factors of 9270.
2, 3, 5, 103
What are the prime factors of 33670?
2, 5, 7, 13, 37
List the prime factors of 156746.
2, 181, 433
What are the prime factors of 5808?
2, 3, 11
List the prime factors of 1611.
3, 179
List the prime factors of 41597.
41597
What are the prime factors of 58?
2, 29
List the prime factors of 52666.
2, 17, 1549
What are the prime factors of 7595?
5, 7, 31
What are the prime factors of 39284?
2, 7, 23, 61
What are the prime factors of 58302?
2, 3, 41, 79
What are the prime factors of 24409?
7, 11, 317
List the prime factors of 42644.
2, 7, 1523
List the prime factors of 4972.
2, 11, 113
What are the prime factors of 467?
467
List the prime factors of 14863.
89, 167
What are the prime factors of 1451?
1451
List the prime factors of 16664.
2, 2083
What are the prime factors of 33567?
3, 67, 167
What are the prime factors of 822?
2, 3, 137
List the prime factors of 2191.
7, 313
What are the prime factors of 5073?
3, 19, 89
List the prime factors of 444.
2, 3, 37
What are the prime factors of 2181?
3, 727
What are the prime factors of 492?
2, 3, 41
What are the prime factors of 201?
3, 67
What are the prime factors of 389?
389
What are the prime factors of 40555?
5, 8111
What are the prime factors of 283?
283
What are the prime factors of 6720?
2, 3, 5, 7
List the prime factors of 1194.
2, 3, 199
List the prime factors of 10259.
10259
List the prime factors of 5390.
2, 5, 7, 11
List the prime factors of 4577.
23, 199
List the prime factors of 77430.
2, 3, 5, 29, 89
List the prime factors of 6942.
2, 3, 13, 89
List the prime factors of 1114.
2, 557
List the prime factors of 4639.
4639
List the prime factors of 3151.
23, 137
What are the prime factors of 2465?
5, 17, 29
List the prime factors of 27144.
2, 3, 13, 29
List the prime factors of 113470.
2, 5, 7, 1621
List the prime factors of 23594.
2, 47, 251
What are the prime factors of 2610?
2, 3, 5, 29
List the prime factors of 148045.
5, 29, 1021
What are the prime factors of 9597?
3, 7, 457
What are the prime factors of 62799?
3, 11, 173
What are the prime factors of 63279?
3, 79, 89
What are the prime factors of 1746?
2, 3, 97
List the prime factors of 37221.
3, 19, 653
What are the prime factors of 13586?
2, 6793
What are the prime factors of 1068?
2, 3, 89
List the prime factors of 1401.
3, 467
What are the prime factors of 18324?
2, 3, 509
What are the prime factors of 4110?
2, 3, 5, 137
What are the prime factors of 1036?
2, 7, 37
What are the prime factors of 481?
13, 37
List the prime factors of 7867.
7867
What are the prime factors of 38538?
2, 3, 2141
List the prime factors of 60583.
47, 1289
What are the prime factors of 3679?
13, 283
List the prime factors of 1712.
2, 107
What are the prime factors of 1292?
2, 17, 19
What are the prime factors of 10851?
3, 3617
What are the prime factors of 1061?
1061
What are the prime factors of 1936?
2, 11
List the prime factors of 18711.
3, 7, 11
What are the prime factors of 7917?
3, 7, 13, 29
List the prime factors of 5903.
5903
List the prime factors of 2085.
3, 5, 139
What are the prime factors of 2010?
2, 3, 5, 67
List the prime factors of 158093.
13, 12161
What are the prime factors of 9755?
5, 1951
List the prime factors of 2258.
2, 1129
List the prime factors of 1707.
3, 569
List the prime factors of 14537.
14537
What are the prime factors of 5762?
2, 43, 67
List the prime factors of 994.
2, 7, 71
What are the prime factors of 1082?
2, 541
List the prime factors of 3500.
2, 5, 7
What are the prime factors of 22825?
5, 11, 83
What are the prime factors of 62907?
3, 13, 1613
What are the prime factors of 9916?
2, 37, 67
What are the prime factors of 8333?
13, 641
What are the prime factors of 11287?
11287
List the prime factors of 1010.
2, 5, 101
List the prime factors of 1259.
1259
List the prime factors of 2503.
2503
What are the prime factors of 272?
2, 17
List the prime factors of 2652.
2, 3, 13, 17
What are the prime factors of 896?
2, 7
What are the prime factors of 41303?
103, 401
What are the prime factors of 2188?
2, 547
What are the prime factors of 3911?
3911
What are the prime factors of 37620?
2, 3, 5, 11, 19
What are the prime factors of 446?
2, 223
List the prime factors of 349.
349
List the prime factors of 2128.
2, 7, 19
What are the prime factors of 23972?
2, 13, 461
List the prime factors of 15515.
5, 29, 107
What are the prime factors of 885?
3, 5, 59
What are the prime factors of 16464?
2, 3, 7
List the prime factors of 5962.
2, 11, 271
What are the prime factors of 1418?
2, 709
List the prime factors of 3233.
53, 61
What are the prime factors of 651?
3, 7, 31
What are the prime factors of 896?
2, 7
List the prime factors of 3258.
2, 3, 181
List the prime factors of 5145.
3, 5, 7
What are the prime factors of 13404?
2, 3, 1117
What are the prime factors of 1926?
2, 3, 107
List the prime factors of 13163.
13163
List the prime factors of 9532.
2, 2383
What are the prime factors of 705?
3, 5, 47
What are the prime factors of 17032?
2, 2129
What are the prime factors of 2494?
2, 29, 43
List the prime factors of 5119.
5119
What are the prime factors of 45939?
3, 15313
List the prime factors of 35833.
7, 5119
What are the prime factors of 1439?
1439
What are the prime factors of 1738?
2, 11, 79
List the prime factors of 143128.
2, 17891
List the prime factors of 1671.
3, 557
What are the prime factors of 50330?
2, 5, 7, 719
List the prime factors of 46137.
3, 7, 13
List the prime factors of 125756.
2, 149, 211
What are the prime factors of 12069?
3, 149
What are the prime factors of 25764?
2, 3, 19, 113
What are the prime factors of 8930?
2, 5, 19, 47
List the prime factors of 6914.
2, 3457
List the prime factors of 8163.
3, 907
List the prime factors of 9459.
3, 1051
What are the prime factors of 7177?
7177
What are the prime factors of 1836?
2, 3, 17
What are the prime factors of 7378?
2, 7, 17, 31
What are the prime factors of 2032?
2, 127
What are the prime factors of 45556?
2, 7, 1627
List the prime factors of 15509.
13, 1193
List the prime factors of 16320.
2, 3, 5, 17
List the prime factors of 1254.
2, 3, 11, 19
What are the prime factors of 65575?
5, 43, 61
What are the prime factors of 2613?
3, 13, 67
What are the prime factors of 2622?
2, 3, 19, 23
What are the prime factors of 3002?
2, 19, 79
What are the prime factors of 18313?
18313
What are the prime factors of 24746?
2, 12373
What are the prime factors of 9269?
13, 23, 31
What are the prime factors of 203?
7, 29
List the prime factors of 21824.
2, 11, 31
List the prime factors of 2752.
2, 43
What are the prime factors of 7206?
2, 3, 1201
What are the prime factors of 8044?
2, 2011
What are the prime factors of 2245?
5, 449
List the prime factors of 323.
17, 19
What are the prime factors of 17303?
11, 13
List the prime factors of 3241.
7, 463
What are the prime factors of 4010?
2, 5, 401
What are the prime factors of 34463?
11, 13, 241
What are the prime factors of 867?
3, 17
What are the prime factors of 112568?
2, 14071
What are the prime factors of 242?
2, 11
What are the prime factors of 4283?
4283
List the prime factors of 5191.
29, 179
What are the prime factors of 238?
2, 7, 17
List the prime factors of 18707.
13, 1439
List the prime factors of 544.
2, 17
What are the prime factors of 2030?
2, 5, 7, 29
What are the prime factors of 1970?
2, 5, 197
What are the prime factors of 32891?
31, 1061
What are the prime factors of 18039?
3, 7, 859
List the prime factors of 1944.
2, 3
What are the prime factors of 2739?
3, 11, 83
List the prime factors of 68175.
3, 5, 101
What are the prime factors of 4469?
41, 109
List the prime factors of 946.
2, 11, 43
List the prime factors of 16413.
3, 5471
List the prime factors of 8256.
2, 